o base 10.
-180839
-c8536 (base 13) to base 5
-43024243
What is 3360641 (base 7) in base 16?
66131
Convert 202211011210 (base 3) to base 5.
101103302
22ba9 (base 13) to base 10
63514
Convert 21656311 (base 7) to base 6.
104142431
What is 454bc9 (base 13) in base 3?
10002020222220
Convert 1893284 (base 10) to base 14.
373d88
What is -11323 (base 9) in base 15?
-2389
1a674 (base 13) to base 3
2121211121
Convert 8a2205 (base 12) to base 10.
2201765
What is 327c3e (base 15) in base 2?
1001001011010101111111
What is 39d02 (base 16) in base 4?
321310002
Convert -141530 (base 9) to base 11.
-59a55
Convert -60d7 (base 15) to base 11.
-14403
What is -481278 (base 10) in base 12?
-1b2626
680886 (base 9) to base 4
1203133110
Convert -82156 (base 12) to base 15.
-35389
What is 120442 (base 5) in base 10?
4497
What is 45b64a (base 13) in base 3?
10002222210101
-ca98d2 (base 14) to base 6
-403044024
129167 (base 10) to base 12
628bb
What is 33320431 (base 5) in base 6?
10131451
Convert -12453115 (base 7) to base 15.
-1777e4
Convert 1295a (base 16) to base 11.
52212
What is -66d70 (base 16) in base 12?
-183928
Convert 10200121002122 (base 3) to base 8.
7364640
What is -101111110010011000111 (base 2) in base 7?
-16211202
What is 166260061 (base 7) in base 4?
223231312300
Convert -554025 (base 11) to base 15.
-126d0b
What is 20220011100 (base 3) in base 12?
66653
-317332 (base 9) to base 10
-189083
Convert 8d7ad1 (base 16) to base 12.
3131901
What is -34114521 (base 6) in base 8?
-3750421
What is 177cc7 (base 13) in base 12?
24489a
206833 (base 11) to base 6
11032500
Convert -15424565 (base 7) to base 12.
-5b77a2
What is 61644200 (base 7) in base 6?
302454555
Convert 5725007 (base 9) to base 3.
12210212000021
65424253 (base 8) to base 13
2ba5403
What is -11111011101101111110 (base 2) in base 3?
-1221101022121
Convert 132746 (base 12) to base 8.
1150246
Convert -1011010011000110011111 (base 2) to base 10.
-2961823
What is -342404 (base 9) in base 6?
-4221521
Convert 530444 (base 11) to base 13.
2399b4
-15170616 (base 8) to base 10
-3469710
What is 127938 (base 11) in base 2?
110001000001001100
Convert 30603354 (base 7) to base 2.
1001110100000110001110
What is 21101201201 (base 3) in base 11?
9a437
Convert -1101011011110100001000 (base 2) to base 7.
-41635432
-110011101000101101011010 (base 2) to base 5
-11431123330
-1286536 (base 10) to base 13
-360784
-46295e (base 16) to base 12
-1658b3a
Convert 4140d0 (base 14) to base 13.
5c09b9
What is -744387 (base 10) in base 7?
-6220140
What is -2360a5 (base 13) in base 15?
-11955b
What is 1434742 (base 9) in base 8?
3010471
Convert -1c353d (base 14) to base 6.
-33335015
Convert -a718c (base 13) to base 10.
-301274
Convert 1145356 (base 10) to base 5.
243122411
Convert 344f8 (base 16) to base 13.
766ab
What is 22012120 (base 4) in base 5?
2310433
Convert 393b2 (base 15) to base 12.
89b58
-98 (base 10) to base 14
-70
-27e9 (base 16) to base 11
-7749
-7a9122 (base 12) to base 5
-1000334111
-3661414 (base 7) to base 8
-1623411
1133132110 (base 4) to base 10
391060
What is -354345 (base 8) in base 9?
-204052
What is -3599b (base 15) in base 5?
-20432141
Convert 1047125 (base 9) to base 11.
354a00
20102112010 (base 3) to base 9
212463
-2033004022 (base 5) to base 2
-1111111110011101101100
What is -1132033231 (base 4) in base 2?
-1011110001111101101
Convert -efcbfc (base 16) to base 8.
-73745774
-20112210 (base 4) to base 13
-12759
8452ab (base 13) to base 10
3096052
Convert -11100000000100111010 (base 2) to base 10.
-917818
Convert -2102223200 (base 5) to base 15.
-5a9b50
Convert 121104024 (base 5) to base 13.
16a8c2
Convert 2003310323 (base 4) to base 7.
4406144
-48351 (base 12) to base 16
-17bed
22101101211 (base 3) to base 8
502266
4c8a8 (base 16) to base 4
1030202220
What is 5acca7 (base 14) in base 8?
13667543
Convert -2d86b3 (base 14) to base 12.
-650b71
Convert 102200222020222 (base 3) to base 5.
3043004122
2111221110 (base 4) to base 7
5132010
-30263 (base 12) to base 2
-1111010001101011
1133296 (base 10) to base 5
242231141
What is -21a516 (base 14) in base 10?
-1142504
87c2c1 (base 13) to base 14
5d31c6
264452 (base 12) to base 3
1011222200122
Convert 8d416c (base 14) to base 13.
cc6ab5
What is -201202201100121 (base 3) in base 7?
-155202154
Convert -1036c9 (base 13) to base 15.
-774ad
-3410023 (base 7) to base 6
-13020241
Convert -12133300113 (base 4) to base 3.
-10012111222200
Convert -62582 (base 9) to base 3.
-2002122202
-196a44 (base 14) to base 13
-257778
Convert -5ec3aa (base 15) to base 5.
-2131000320
What is -10010010010110001101 (base 2) in base 10?
-599437
Convert 2455a (base 16) to base 5.
14230301
1110000110000000111000 (base 2) to base 10
3694648
-10130113113 (base 4) to base 6
-40544223
What is 3111350 (base 7) in base 10?
372680
-881a1 (base 12) to base 5
-21224402
Convert -5203530 (base 6) to base 11.
-160650
Convert 11013131 (base 7) to base 2.
11100110101000110101
-2001022220111 (base 3) to base 10
-1089058
What is 1522221 (base 7) in base 3?
101112100020
Convert 1d5f (base 16) to base 8.
16537
What is 38b4b9 (base 16) in base 4?
32023102321
What is 22c70 (base 16) in base 4?
202301300
Convert 2615417 (base 8) to base 9.
1328342
What is a577b (base 14) in base 13?
10ca11
-43abb (base 13) to base 16
-1df37
What is 511044 (base 9) in base 12?
127127
What is -1dc5a1 (base 16) in base 5?
-444414022
What is -32210302221 (base 4) in base 14?
-716561
What is -113210430 (base 5) in base 9?
-875803
718db (base 15) to base 10
359756
What is 5016165 (base 9) in base 8?
12133370
Convert 22415262 (base 7) to base 2.
111011101000001001110
What is -218ba (base 14) in base 2?
-10011110110011100
-1011011000110001010 (base 2) to base 16
-5b18a
Convert -112113010 (base 4) to base 6.
-1544004
Convert -45a73 (base 12) to base 8.
-265667
-44515120 (base 6) to base 9
-2473583
What is -12022103 (base 6) in base 14?
-9b1d5
Convert 1056493 (base 10) to base 5.
232301433
What is -11120202110 (base 3) in base 15?
-1bae9
Convert 61487 (base 14) to base 9.
386158
Convert -182d06 (base 16) to base 3.
-2222111101010
Convert 55aa6 (base 11) to base 12.
3ab96
1114444410 (base 5) to base 8
11422614
4e7b5 (base 15) to base 8
753147
-1223103 (base 4) to base 16
-1ad3
Convert -1435323 (base 9) to base 5.
-200304404
-144640 (base 16) to base 14
-268316
74339 (base 13) to base 3
101122001202
What is 170a2a (base 11) in base 3?
111110012200
-222022021000212 (base 3) to base 13
-2b8632c
Convert -2023305 (base 6) to base 14.
-27329
What is -33005 (base 11) in base 13?
-18a73
What is -522a629 (base 11) in base 6?
-525404132
Convert -1292d5 (base 14) to base 8.
-2341673
3103101030 (base 4) to base 15
121606
1000011000110011 (base 2) to base 15
a2a5
-ad26a (base 16) to base 10
-709226
113311110 (base 5) to base 16
805d4
Convert -12420 (base 7) to base 6.
-23133
Convert -1b3bbb (base 15) to base 9.
-2445065
What is 220312201302 (base 4) in base 10?
10709106
1202131000 (base 4) to base 2
1100010011101000000
Convert -1110010101111001110 (base 2) to base 9.
-785604
Convert -213111425 (base 6) to base 10.
-3788585
What is -3800b (base 13) in base 5?
-11301040
Convert 100110111111001011001 (base 2) to base 14.
253801
What is -11223142 (base 5) in base 15?
-201d2
What is -1477201 (base 9) in base 8?
-3077216
What is -20321120212 (base 4) in base 5?
-1044112243
What is 1011001011000001 (base 2) in base 12?
22595
-1348228 (base 11) to base 5
-1043333243
-4230312 (base 5) to base 9
-116883
Convert -14332 (base 12) to base 2.
-110110111010110
-200012332 (base 4) to base 16
-201be
What is -14bb7 (base 13) in base 7?
-222514
What is -1211100021101 (base 3) in base 5?
-222034402
What is 2062350 (base 8) in base 11?
34634a
-10112012210200 (base 3) to base 2
-111001001100011000011
-21211200220100 (base 3) to base 14
-7a6792
Convert 1101100111011110000 (base 2) to base 12.
196268
5ba39a (base 15) to base 10
4388320
6db58 (base 15) to base 11
21a109
-64366 (base 7) to base 16
-3e65
925837 (base 11) to base 7
15430353
What is 55522 (base 8) in base 11?
16623
Convert -87478 (base 9) to base 14.
-171bc
Convert 456407 (base 9) to base 6.
5511054
Convert b1c444 (base 14) to base 11.
3420076
What is -554206 (base 9) in base 14?
-88966
What is 5e867 (base 15) 